{"id":132,"date":"2025-11-26T12:52:04","date_gmt":"2025-11-26T12:52:04","guid":{"rendered":"https:\/\/brixoptim.com\/arqueologiasomostodos\/?page_id=132"},"modified":"2025-11-28T09:46:33","modified_gmt":"2025-11-28T09:46:33","slug":"quienes-somos","status":"publish","type":"page","link":"https:\/\/brixoptim.com\/arqueologiasomostodos\/quienes-somos\/","title":{"rendered":"QUI\u00c9NES SOMOS"},"content":{"rendered":"\t\t<div data-elementor-type=\"wp-page\" data-elementor-id=\"132\" class=\"elementor elementor-132\" data-elementor-post-type=\"page\">\n\t\t\t\t<div class=\"elementor-element elementor-element-f32d758 e-flex e-con-boxed e-con e-parent\" data-id=\"f32d758\" data-element_type=\"container\" data-e-type=\"container\">\n\t\t\t\t\t<div class=\"e-con-inner\">\n\t\t\t\t<div class=\"elementor-element elementor-element-e640417 elementor-widget elementor-widget-text-editor\" data-id=\"e640417\" data-element_type=\"widget\" data-e-type=\"widget\" data-widget_type=\"text-editor.default\">\n\t\t\t\t\t\t\t\t\t<div id=\"comp-kx068c0o\" class=\"Z_l5lU ku3DBC zQ9jDz qvSjx3 Vq6kJx comp-kx068c0o wixui-rich-text\" data-testid=\"richTextElement\"><p class=\"font_8 wixui-rich-text__text\" style=\"font-size: 18px; text-align: justify;\"><span class=\"wixui-rich-text__text\" style=\"font-family: league spartan,league-spartan,sans-serif;\"><span class=\"wixui-rich-text__text\" style=\"font-size: 18px;\"><span class=\"color_15 wixui-rich-text__text\">Desde el a\u00f1o 2011, el <span class=\"wixui-rich-text__text\" style=\"font-weight: bold;\">Grupo de Investigaci\u00f3n <span class=\"wixui-rich-text__text\" style=\"font-style: italic;\">S\u00edsifo <\/span><\/span>(Universidad de C\u00f3rdoba) desarrolla el proyecto <span class=\"wixui-rich-text__text\" style=\"font-weight: bold;\"><span class=\"wixui-rich-text__text\" style=\"font-style: italic;\">Arqueolog\u00eda somos todos<\/span><\/span>, un proyecto de cultura cient\u00edfica que pretende acercar a la sociedad el patrimonio arqueol\u00f3gico a trav\u00e9s de actividades amenas y entretenidas, adaptadas a diversos p\u00fablicos y edades, pero sin abandonar nunca la investigaci\u00f3n y la base acad\u00e9mica que nos caracteriza.<\/span><\/span><\/span><\/p><p class=\"font_8 wixui-rich-text__text\" style=\"font-size: 18px; text-align: justify;\"><span class=\"wixui-rich-text__text\" style=\"font-family: league spartan,league-spartan,sans-serif;\"><span class=\"wixui-rich-text__text\" style=\"font-size: 18px;\"><span class=\"color_15 wixui-rich-text__text\">Nuestro proyecto ha supuesto <span class=\"wixui-rich-text__text\" style=\"font-weight: bold;\">un ejemplo pionero y mod\u00e9lico de transferencia del conocimiento<\/span> al entender desde el primer momento que la arqueolog\u00eda debe caminar m\u00e1s all\u00e1 de los c\u00edrculos estrictamente cient\u00edficos y reintegrar a la sociedad lo que en \u00faltima estancia le pertenece: su pasado, sus ra\u00edces. De este modo, nuestro principal objetivo ha sido siempre <span class=\"wixui-rich-text__text\" style=\"font-weight: bold;\">facilitar el acceso y la comprensi\u00f3n del patrimonio arqueol\u00f3gico al ciudadano de a pie.<\/span><\/span><\/span><\/span><\/p><p class=\"font_8 wixui-rich-text__text\" style=\"font-size: 18px; text-align: justify;\"><span class=\"wixui-rich-text__text\" style=\"font-family: league spartan,league-spartan,sans-serif;\"><span class=\"wixui-rich-text__text\" style=\"font-size: 18px;\"><span class=\"color_15 wixui-rich-text__text\">Si bien C\u00f3rdoba y su provincia son nuestros particulares laboratorios de experiencias, donde realizamos con frecuencia rutas arqueol\u00f3gicas, talleres did\u00e1cticos y ciclos de conferencias, desarrollamos tambi\u00e9n nuestra labor en \u00e1mbito nacional y destinos internacionales, esencialmente a trav\u00e9s de excursiones y viajes con mucha historia.<\/span><\/span><\/span><\/p><\/div>\t\t\t\t\t\t\t\t<\/div>\n\t\t\t\t\t<\/div>\n\t\t\t\t<\/div>\n\t\t<div class=\"elementor-element elementor-element-91757bd e-con-full e-flex e-con e-parent\" data-id=\"91757bd\" data-element_type=\"container\" data-e-type=\"container\">\n\t\t\t\t<div class=\"elementor-element elementor-element-b133ccb elementor-widget__width-inherit elementor-widget elementor-widget-ucaddon_uc_tiles_grid_image\" data-id=\"b133ccb\" data-element_type=\"widget\" data-e-type=\"widget\" data-widget_type=\"ucaddon_uc_tiles_grid_image.default\">\n\t\t\t\t<div class=\"elementor-widget-container\">\n\t\t\t\t\t\n<!-- start Tile Gallery -->\n\t\t<link id='font-awesome-css' href='https:\/\/brixoptim.com\/arqueologiasomostodos\/wp-content\/plugins\/unlimited-elements-for-elementor\/assets_libraries\/font-awesome6\/fontawesome-all.min.css' type='text\/css' rel='stylesheet' >\n\t\t<link id='font-awesome-4-shim-css' href='https:\/\/brixoptim.com\/arqueologiasomostodos\/wp-content\/plugins\/unlimited-elements-for-elementor\/assets_libraries\/font-awesome6\/fontawesome-v4-shims.min.css' type='text\/css' rel='stylesheet' >\n\t\t<link id='unitegallery-css' href='https:\/\/brixoptim.com\/arqueologiasomostodos\/wp-content\/plugins\/unlimited-elements-for-elementor\/assets_libraries\/unitegallery\/css\/unite-gallery.css' type='text\/css' rel='stylesheet' >\n\n<style>\/* widget: Tile Gallery *\/\n\n#uc_uc_tiles_grid_image_elementor_b133ccb-wrapper{\n  min-height: 1px;\n}\n\n#uc_uc_tiles_grid_image_elementor_b133ccb{\n  margin:0 auto;\n  direction:ltr;\n  display: none;\n}\n\n\n\n<\/style>\n\n<div id=\"uc_uc_tiles_grid_image_elementor_b133ccb-wrapper\">\n  <div id=\"uc_uc_tiles_grid_image_elementor_b133ccb\" class=\"uc-items-wrapper\" data-custom-sethtml=\"true\" >\n    \n<img decoding=\"async\" alt=\"imgi_81_2dde0e_c3b2605476164ff9bde9f28c8470c5a5~mv2\"\n   src=\"https:\/\/brixoptim.com\/arqueologiasomostodos\/wp-content\/uploads\/2025\/11\/imgi_81_2dde0e_c3b2605476164ff9bde9f28c8470c5a5mv2.jpg\"\n    data-image=\"https:\/\/brixoptim.com\/arqueologiasomostodos\/wp-content\/uploads\/2025\/11\/imgi_81_2dde0e_c3b2605476164ff9bde9f28c8470c5a5mv2.jpg\"\n    data-title=\"imgi_81_2dde0e_c3b2605476164ff9bde9f28c8470c5a5~mv2\">\n\n<img decoding=\"async\" alt=\"imgi_82_2dde0e_f4a7eb8a369b426e8f4035c485abf61c~mv2\"\n   src=\"https:\/\/brixoptim.com\/arqueologiasomostodos\/wp-content\/uploads\/2025\/11\/imgi_82_2dde0e_f4a7eb8a369b426e8f4035c485abf61cmv2.jpg\"\n    data-image=\"https:\/\/brixoptim.com\/arqueologiasomostodos\/wp-content\/uploads\/2025\/11\/imgi_82_2dde0e_f4a7eb8a369b426e8f4035c485abf61cmv2.jpg\"\n    data-title=\"imgi_82_2dde0e_f4a7eb8a369b426e8f4035c485abf61c~mv2\">\n\n<img decoding=\"async\" alt=\"imgi_83_2dde0e_caff261d8c1a4629b5e4d04ae1cba59d~mv2\"\n   src=\"https:\/\/brixoptim.com\/arqueologiasomostodos\/wp-content\/uploads\/2025\/11\/imgi_83_2dde0e_caff261d8c1a4629b5e4d04ae1cba59dmv2.jpg\"\n    data-image=\"https:\/\/brixoptim.com\/arqueologiasomostodos\/wp-content\/uploads\/2025\/11\/imgi_83_2dde0e_caff261d8c1a4629b5e4d04ae1cba59dmv2.jpg\"\n    data-title=\"imgi_83_2dde0e_caff261d8c1a4629b5e4d04ae1cba59d~mv2\">\n\n<img decoding=\"async\" alt=\"imgi_84_2dde0e_7fa7284c866d421ca99017ce6259830b~mv2\"\n   src=\"https:\/\/brixoptim.com\/arqueologiasomostodos\/wp-content\/uploads\/2025\/11\/imgi_84_2dde0e_7fa7284c866d421ca99017ce6259830bmv2.jpg\"\n    data-image=\"https:\/\/brixoptim.com\/arqueologiasomostodos\/wp-content\/uploads\/2025\/11\/imgi_84_2dde0e_7fa7284c866d421ca99017ce6259830bmv2.jpg\"\n    data-title=\"imgi_84_2dde0e_7fa7284c866d421ca99017ce6259830b~mv2\">\n\n<img decoding=\"async\" alt=\"imgi_85_2dde0e_c45a3c88a4e946ae89d59368ddc58e48~mv2\"\n   src=\"https:\/\/brixoptim.com\/arqueologiasomostodos\/wp-content\/uploads\/2025\/11\/imgi_85_2dde0e_c45a3c88a4e946ae89d59368ddc58e48mv2.jpg\"\n    data-image=\"https:\/\/brixoptim.com\/arqueologiasomostodos\/wp-content\/uploads\/2025\/11\/imgi_85_2dde0e_c45a3c88a4e946ae89d59368ddc58e48mv2.jpg\"\n    data-title=\"imgi_85_2dde0e_c45a3c88a4e946ae89d59368ddc58e48~mv2\">\n\n<img decoding=\"async\" alt=\"imgi_86_2dde0e_6e6d96785dc941109d126f390dc5b0f2~mv2\"\n   src=\"https:\/\/brixoptim.com\/arqueologiasomostodos\/wp-content\/uploads\/2025\/11\/imgi_86_2dde0e_6e6d96785dc941109d126f390dc5b0f2mv2.jpg\"\n    data-image=\"https:\/\/brixoptim.com\/arqueologiasomostodos\/wp-content\/uploads\/2025\/11\/imgi_86_2dde0e_6e6d96785dc941109d126f390dc5b0f2mv2.jpg\"\n    data-title=\"imgi_86_2dde0e_6e6d96785dc941109d126f390dc5b0f2~mv2\">\n\n<img decoding=\"async\" alt=\"imgi_87_2dde0e_2438416167c1457f96c69f0a11be6c76~mv2\"\n   src=\"https:\/\/brixoptim.com\/arqueologiasomostodos\/wp-content\/uploads\/2025\/11\/imgi_87_2dde0e_2438416167c1457f96c69f0a11be6c76mv2.jpg\"\n    data-image=\"https:\/\/brixoptim.com\/arqueologiasomostodos\/wp-content\/uploads\/2025\/11\/imgi_87_2dde0e_2438416167c1457f96c69f0a11be6c76mv2.jpg\"\n    data-title=\"imgi_87_2dde0e_2438416167c1457f96c69f0a11be6c76~mv2\">\n\n<img decoding=\"async\" alt=\"imgi_88_2dde0e_14507e9730a3462985768f5c72709d72~mv2\"\n   src=\"https:\/\/brixoptim.com\/arqueologiasomostodos\/wp-content\/uploads\/2025\/11\/imgi_88_2dde0e_14507e9730a3462985768f5c72709d72mv2.jpg\"\n    data-image=\"https:\/\/brixoptim.com\/arqueologiasomostodos\/wp-content\/uploads\/2025\/11\/imgi_88_2dde0e_14507e9730a3462985768f5c72709d72mv2.jpg\"\n    data-title=\"imgi_88_2dde0e_14507e9730a3462985768f5c72709d72~mv2\">\n\n<img decoding=\"async\" alt=\"imgi_89_2dde0e_e4d0d5d2189b4361b1ddc6a21ea6b66f~mv2\"\n   src=\"https:\/\/brixoptim.com\/arqueologiasomostodos\/wp-content\/uploads\/2025\/11\/imgi_89_2dde0e_e4d0d5d2189b4361b1ddc6a21ea6b66fmv2.jpg\"\n    data-image=\"https:\/\/brixoptim.com\/arqueologiasomostodos\/wp-content\/uploads\/2025\/11\/imgi_89_2dde0e_e4d0d5d2189b4361b1ddc6a21ea6b66fmv2.jpg\"\n    data-title=\"imgi_89_2dde0e_e4d0d5d2189b4361b1ddc6a21ea6b66f~mv2\">\n\n<img decoding=\"async\" alt=\"imgi_90_2dde0e_ebf7da22996d4b3eae1bb38b3e8ac7f3~mv2\"\n   src=\"https:\/\/brixoptim.com\/arqueologiasomostodos\/wp-content\/uploads\/2025\/11\/imgi_90_2dde0e_ebf7da22996d4b3eae1bb38b3e8ac7f3mv2.jpg\"\n    data-image=\"https:\/\/brixoptim.com\/arqueologiasomostodos\/wp-content\/uploads\/2025\/11\/imgi_90_2dde0e_ebf7da22996d4b3eae1bb38b3e8ac7f3mv2.jpg\"\n    data-title=\"imgi_90_2dde0e_ebf7da22996d4b3eae1bb38b3e8ac7f3~mv2\">\n\n<img decoding=\"async\" alt=\"imgi_91_2dde0e_f4a89ffda63a439495bbd1d8614cc475~mv2\"\n   src=\"https:\/\/brixoptim.com\/arqueologiasomostodos\/wp-content\/uploads\/2025\/11\/imgi_91_2dde0e_f4a89ffda63a439495bbd1d8614cc475mv2.jpg\"\n    data-image=\"https:\/\/brixoptim.com\/arqueologiasomostodos\/wp-content\/uploads\/2025\/11\/imgi_91_2dde0e_f4a89ffda63a439495bbd1d8614cc475mv2.jpg\"\n    data-title=\"imgi_91_2dde0e_f4a89ffda63a439495bbd1d8614cc475~mv2\">\n\n<img decoding=\"async\" alt=\"imgi_92_2dde0e_f0fa7c9dde4f4b43a3ee7be733f50a47~mv2\"\n   src=\"https:\/\/brixoptim.com\/arqueologiasomostodos\/wp-content\/uploads\/2025\/11\/imgi_92_2dde0e_f0fa7c9dde4f4b43a3ee7be733f50a47mv2.jpg\"\n    data-image=\"https:\/\/brixoptim.com\/arqueologiasomostodos\/wp-content\/uploads\/2025\/11\/imgi_92_2dde0e_f0fa7c9dde4f4b43a3ee7be733f50a47mv2.jpg\"\n    data-title=\"imgi_92_2dde0e_f0fa7c9dde4f4b43a3ee7be733f50a47~mv2\">\n\n<img decoding=\"async\" alt=\"imgi_93_2dde0e_9cfbe79a306b4f8b976f1395c79adaab~mv2\"\n   src=\"https:\/\/brixoptim.com\/arqueologiasomostodos\/wp-content\/uploads\/2025\/11\/imgi_93_2dde0e_9cfbe79a306b4f8b976f1395c79adaabmv2.jpg\"\n    data-image=\"https:\/\/brixoptim.com\/arqueologiasomostodos\/wp-content\/uploads\/2025\/11\/imgi_93_2dde0e_9cfbe79a306b4f8b976f1395c79adaabmv2.jpg\"\n    data-title=\"imgi_93_2dde0e_9cfbe79a306b4f8b976f1395c79adaab~mv2\">\n\n<img decoding=\"async\" alt=\"imgi_94_2dde0e_24d6712878f04ee2bc815174d26b6a71~mv2\"\n   src=\"https:\/\/brixoptim.com\/arqueologiasomostodos\/wp-content\/uploads\/2025\/11\/imgi_94_2dde0e_24d6712878f04ee2bc815174d26b6a71mv2.jpg\"\n    data-image=\"https:\/\/brixoptim.com\/arqueologiasomostodos\/wp-content\/uploads\/2025\/11\/imgi_94_2dde0e_24d6712878f04ee2bc815174d26b6a71mv2.jpg\"\n    data-title=\"imgi_94_2dde0e_24d6712878f04ee2bc815174d26b6a71~mv2\">\n\n<img decoding=\"async\" alt=\"imgi_95_2dde0e_feeb019467e34d57b4819b95bbbaa7fe~mv2\"\n   src=\"https:\/\/brixoptim.com\/arqueologiasomostodos\/wp-content\/uploads\/2025\/11\/imgi_95_2dde0e_feeb019467e34d57b4819b95bbbaa7femv2.jpg\"\n    data-image=\"https:\/\/brixoptim.com\/arqueologiasomostodos\/wp-content\/uploads\/2025\/11\/imgi_95_2dde0e_feeb019467e34d57b4819b95bbbaa7femv2.jpg\"\n    data-title=\"imgi_95_2dde0e_feeb019467e34d57b4819b95bbbaa7fe~mv2\">\n\n<img decoding=\"async\" alt=\"imgi_96_2dde0e_4f3f6217b68a4aa2b3a8dbb6652b037b~mv2\"\n   src=\"https:\/\/brixoptim.com\/arqueologiasomostodos\/wp-content\/uploads\/2025\/11\/imgi_96_2dde0e_4f3f6217b68a4aa2b3a8dbb6652b037bmv2.jpg\"\n    data-image=\"https:\/\/brixoptim.com\/arqueologiasomostodos\/wp-content\/uploads\/2025\/11\/imgi_96_2dde0e_4f3f6217b68a4aa2b3a8dbb6652b037bmv2.jpg\"\n    data-title=\"imgi_96_2dde0e_4f3f6217b68a4aa2b3a8dbb6652b037b~mv2\">\n\n<img decoding=\"async\" alt=\"imgi_97_2dde0e_a0ec8a5eb91d4842bc40ec6894faa02d~mv2\"\n   src=\"https:\/\/brixoptim.com\/arqueologiasomostodos\/wp-content\/uploads\/2025\/11\/imgi_97_2dde0e_a0ec8a5eb91d4842bc40ec6894faa02dmv2.jpg\"\n    data-image=\"https:\/\/brixoptim.com\/arqueologiasomostodos\/wp-content\/uploads\/2025\/11\/imgi_97_2dde0e_a0ec8a5eb91d4842bc40ec6894faa02dmv2.jpg\"\n    data-title=\"imgi_97_2dde0e_a0ec8a5eb91d4842bc40ec6894faa02d~mv2\">\n\n<img decoding=\"async\" alt=\"imgi_98_2dde0e_9162ea46ccd44afc8caf25ca47264698~mv2\"\n   src=\"https:\/\/brixoptim.com\/arqueologiasomostodos\/wp-content\/uploads\/2025\/11\/imgi_98_2dde0e_9162ea46ccd44afc8caf25ca47264698mv2.jpg\"\n    data-image=\"https:\/\/brixoptim.com\/arqueologiasomostodos\/wp-content\/uploads\/2025\/11\/imgi_98_2dde0e_9162ea46ccd44afc8caf25ca47264698mv2.jpg\"\n    data-title=\"imgi_98_2dde0e_9162ea46ccd44afc8caf25ca47264698~mv2\">\n\n<img decoding=\"async\" alt=\"imgi_99_2dde0e_5c44730dbd9f4e7ba3d572e9f1befe32~mv2\"\n   src=\"https:\/\/brixoptim.com\/arqueologiasomostodos\/wp-content\/uploads\/2025\/11\/imgi_99_2dde0e_5c44730dbd9f4e7ba3d572e9f1befe32mv2.jpg\"\n    data-image=\"https:\/\/brixoptim.com\/arqueologiasomostodos\/wp-content\/uploads\/2025\/11\/imgi_99_2dde0e_5c44730dbd9f4e7ba3d572e9f1befe32mv2.jpg\"\n    data-title=\"imgi_99_2dde0e_5c44730dbd9f4e7ba3d572e9f1befe32~mv2\">\n\n<img decoding=\"async\" alt=\"imgi_100_2dde0e_269dcfbf31984bd9bd1dd9d3a33476f1~mv2\"\n   src=\"https:\/\/brixoptim.com\/arqueologiasomostodos\/wp-content\/uploads\/2025\/11\/imgi_100_2dde0e_269dcfbf31984bd9bd1dd9d3a33476f1mv2.jpg\"\n    data-image=\"https:\/\/brixoptim.com\/arqueologiasomostodos\/wp-content\/uploads\/2025\/11\/imgi_100_2dde0e_269dcfbf31984bd9bd1dd9d3a33476f1mv2.jpg\"\n    data-title=\"imgi_100_2dde0e_269dcfbf31984bd9bd1dd9d3a33476f1~mv2\">\n\n<img decoding=\"async\" alt=\"imgi_101_2dde0e_82632b825b8e409993a53f1f743147c0~mv2\"\n   src=\"https:\/\/brixoptim.com\/arqueologiasomostodos\/wp-content\/uploads\/2025\/11\/imgi_101_2dde0e_82632b825b8e409993a53f1f743147c0mv2.jpg\"\n    data-image=\"https:\/\/brixoptim.com\/arqueologiasomostodos\/wp-content\/uploads\/2025\/11\/imgi_101_2dde0e_82632b825b8e409993a53f1f743147c0mv2.jpg\"\n    data-title=\"imgi_101_2dde0e_82632b825b8e409993a53f1f743147c0~mv2\">\n\n<img decoding=\"async\" alt=\"imgi_102_2dde0e_3452132e01c1446da927e0ccd7fd3e06~mv2\"\n   src=\"https:\/\/brixoptim.com\/arqueologiasomostodos\/wp-content\/uploads\/2025\/11\/imgi_102_2dde0e_3452132e01c1446da927e0ccd7fd3e06mv2.jpg\"\n    data-image=\"https:\/\/brixoptim.com\/arqueologiasomostodos\/wp-content\/uploads\/2025\/11\/imgi_102_2dde0e_3452132e01c1446da927e0ccd7fd3e06mv2.jpg\"\n    data-title=\"imgi_102_2dde0e_3452132e01c1446da927e0ccd7fd3e06~mv2\">\n\n<img decoding=\"async\" alt=\"imgi_103_2dde0e_4997a68365ab49c98c2816af15b5eae1~mv2\"\n   src=\"https:\/\/brixoptim.com\/arqueologiasomostodos\/wp-content\/uploads\/2025\/11\/imgi_103_2dde0e_4997a68365ab49c98c2816af15b5eae1mv2.jpg\"\n    data-image=\"https:\/\/brixoptim.com\/arqueologiasomostodos\/wp-content\/uploads\/2025\/11\/imgi_103_2dde0e_4997a68365ab49c98c2816af15b5eae1mv2.jpg\"\n    data-title=\"imgi_103_2dde0e_4997a68365ab49c98c2816af15b5eae1~mv2\">\n\n<img decoding=\"async\" alt=\"imgi_104_2dde0e_58bac68bdcbd400b94b8c30409159220~mv2\"\n   src=\"https:\/\/brixoptim.com\/arqueologiasomostodos\/wp-content\/uploads\/2025\/11\/imgi_104_2dde0e_58bac68bdcbd400b94b8c30409159220mv2.jpg\"\n    data-image=\"https:\/\/brixoptim.com\/arqueologiasomostodos\/wp-content\/uploads\/2025\/11\/imgi_104_2dde0e_58bac68bdcbd400b94b8c30409159220mv2.jpg\"\n    data-title=\"imgi_104_2dde0e_58bac68bdcbd400b94b8c30409159220~mv2\">\n\n<img decoding=\"async\" alt=\"imgi_105_2dde0e_9cc5c83f81ac40bda4bbaf98a02b2bb3~mv2\"\n   src=\"https:\/\/brixoptim.com\/arqueologiasomostodos\/wp-content\/uploads\/2025\/11\/imgi_105_2dde0e_9cc5c83f81ac40bda4bbaf98a02b2bb3mv2.jpg\"\n    data-image=\"https:\/\/brixoptim.com\/arqueologiasomostodos\/wp-content\/uploads\/2025\/11\/imgi_105_2dde0e_9cc5c83f81ac40bda4bbaf98a02b2bb3mv2.jpg\"\n    data-title=\"imgi_105_2dde0e_9cc5c83f81ac40bda4bbaf98a02b2bb3~mv2\">\n\n<img decoding=\"async\" alt=\"imgi_106_2dde0e_b369969efd984f06a0745536370aa2ef~mv2\"\n   src=\"https:\/\/brixoptim.com\/arqueologiasomostodos\/wp-content\/uploads\/2025\/11\/imgi_106_2dde0e_b369969efd984f06a0745536370aa2efmv2.jpg\"\n    data-image=\"https:\/\/brixoptim.com\/arqueologiasomostodos\/wp-content\/uploads\/2025\/11\/imgi_106_2dde0e_b369969efd984f06a0745536370aa2efmv2.jpg\"\n    data-title=\"imgi_106_2dde0e_b369969efd984f06a0745536370aa2ef~mv2\">\n\n<img decoding=\"async\" alt=\"imgi_107_2dde0e_43702f3bf7704dcbaff4f8c533e2c5df~mv2\"\n   src=\"https:\/\/brixoptim.com\/arqueologiasomostodos\/wp-content\/uploads\/2025\/11\/imgi_107_2dde0e_43702f3bf7704dcbaff4f8c533e2c5dfmv2.jpg\"\n    data-image=\"https:\/\/brixoptim.com\/arqueologiasomostodos\/wp-content\/uploads\/2025\/11\/imgi_107_2dde0e_43702f3bf7704dcbaff4f8c533e2c5dfmv2.jpg\"\n    data-title=\"imgi_107_2dde0e_43702f3bf7704dcbaff4f8c533e2c5df~mv2\">\n\n<img decoding=\"async\" alt=\"imgi_108_2dde0e_1346d17c5287487aad49a79b0b7c2034~mv2\"\n   src=\"https:\/\/brixoptim.com\/arqueologiasomostodos\/wp-content\/uploads\/2025\/11\/imgi_108_2dde0e_1346d17c5287487aad49a79b0b7c2034mv2.jpg\"\n    data-image=\"https:\/\/brixoptim.com\/arqueologiasomostodos\/wp-content\/uploads\/2025\/11\/imgi_108_2dde0e_1346d17c5287487aad49a79b0b7c2034mv2.jpg\"\n    data-title=\"imgi_108_2dde0e_1346d17c5287487aad49a79b0b7c2034~mv2\">\n\n<img decoding=\"async\" alt=\"imgi_109_2dde0e_034245642e5a4988a11634402af7bca2~mv2\"\n   src=\"https:\/\/brixoptim.com\/arqueologiasomostodos\/wp-content\/uploads\/2025\/11\/imgi_109_2dde0e_034245642e5a4988a11634402af7bca2mv2.jpg\"\n    data-image=\"https:\/\/brixoptim.com\/arqueologiasomostodos\/wp-content\/uploads\/2025\/11\/imgi_109_2dde0e_034245642e5a4988a11634402af7bca2mv2.jpg\"\n    data-title=\"imgi_109_2dde0e_034245642e5a4988a11634402af7bca2~mv2\">\n\n<img decoding=\"async\" alt=\"imgi_110_2dde0e_5cdef4ac0881459d80be83da0f90b5d7~mv2\"\n   src=\"https:\/\/brixoptim.com\/arqueologiasomostodos\/wp-content\/uploads\/2025\/11\/imgi_110_2dde0e_5cdef4ac0881459d80be83da0f90b5d7mv2.png\"\n    data-image=\"https:\/\/brixoptim.com\/arqueologiasomostodos\/wp-content\/uploads\/2025\/11\/imgi_110_2dde0e_5cdef4ac0881459d80be83da0f90b5d7mv2.png\"\n    data-title=\"imgi_110_2dde0e_5cdef4ac0881459d80be83da0f90b5d7~mv2\">\n\n<img decoding=\"async\" alt=\"imgi_111_2dde0e_b015ed79caca4dcc8aede77287d0a58f~mv2\"\n   src=\"https:\/\/brixoptim.com\/arqueologiasomostodos\/wp-content\/uploads\/2025\/11\/imgi_111_2dde0e_b015ed79caca4dcc8aede77287d0a58fmv2.jpg\"\n    data-image=\"https:\/\/brixoptim.com\/arqueologiasomostodos\/wp-content\/uploads\/2025\/11\/imgi_111_2dde0e_b015ed79caca4dcc8aede77287d0a58fmv2.jpg\"\n    data-title=\"imgi_111_2dde0e_b015ed79caca4dcc8aede77287d0a58f~mv2\">\n\n<img decoding=\"async\" alt=\"imgi_112_2dde0e_25d1a4f723ed4e0cb6187a98c8c43e79~mv2\"\n   src=\"https:\/\/brixoptim.com\/arqueologiasomostodos\/wp-content\/uploads\/2025\/11\/imgi_112_2dde0e_25d1a4f723ed4e0cb6187a98c8c43e79mv2.jpg\"\n    data-image=\"https:\/\/brixoptim.com\/arqueologiasomostodos\/wp-content\/uploads\/2025\/11\/imgi_112_2dde0e_25d1a4f723ed4e0cb6187a98c8c43e79mv2.jpg\"\n    data-title=\"imgi_112_2dde0e_25d1a4f723ed4e0cb6187a98c8c43e79~mv2\">\n  \n  <\/div>\n<\/div>\n<!-- end Tile Gallery -->\t\t\t\t<\/div>\n\t\t\t\t<\/div>\n\t\t\t\t<\/div>\n\t\t<div class=\"elementor-element elementor-element-0707d07 e-flex e-con-boxed e-con e-parent\" data-id=\"0707d07\" data-element_type=\"container\" data-e-type=\"container\">\n\t\t\t\t\t<div class=\"e-con-inner\">\n\t\t\t\t<div class=\"elementor-element elementor-element-7dc45c1 elementor-widget elementor-widget-text-editor\" data-id=\"7dc45c1\" data-element_type=\"widget\" data-e-type=\"widget\" data-widget_type=\"text-editor.default\">\n\t\t\t\t\t\t\t\t\t<div id=\"comp-ky9xr3yi\" class=\"Z_l5lU ku3DBC zQ9jDz qvSjx3 Vq6kJx comp-ky9xr3yi wixui-rich-text\" data-testid=\"richTextElement\"><p class=\"font_8 wixui-rich-text__text\" style=\"font-size: 18px; text-align: justify;\"><span class=\"wixui-rich-text__text\" style=\"font-family: league spartan,league-spartan,sans-serif;\"><span class=\"wixui-rich-text__text\" style=\"font-size: 18px;\"><span class=\"color_15 wixui-rich-text__text\"><span class=\"wixui-rich-text__text\" style=\"font-style: italic;\"><span class=\"wixui-rich-text__text\" style=\"font-weight: bold;\">Arqueolog\u00eda somos todos<\/span><\/span> se desarrolla bajo la direcci\u00f3n del Prof. Dr. Desiderio Vaquerizo Gil, Catedr\u00e1tico de Arqueolog\u00eda y director del Grupo de Investigaci\u00f3n S\u00edsifo de la Universidad de C\u00f3rdoba, y la actual coordinaci\u00f3n de la Dra. Bel\u00e9n V\u00e1zquez Navajas.<\/span><\/span><\/span><\/p><p class=\"font_8 wixui-rich-text__text\" style=\"font-size: 18px; text-align: justify;\"><span class=\"wixui-rich-text__text\" style=\"font-family: league spartan,league-spartan,sans-serif;\"><span class=\"wixui-rich-text__text\" style=\"font-size: 18px;\"><span class=\"color_15 wixui-rich-text__text\">No obstante, la permanencia y el \u00e9xito de nuestro proyecto &#8211; galardonado y distinguido en ocasiones tan destacadas como la <span class=\"wixui-rich-text__text\" style=\"font-weight: bold;\">Menci\u00f3n Especial recibida en los Premios Europa Nostra 2014<\/span> en la Categor\u00eda de Educaci\u00f3n, Formaci\u00f3n y Sensibilizaci\u00f3n- se debe al esfuerzo, dedicaci\u00f3n y trabajo de diferentes compa\u00f1eros y colaboradores que, en alg\u00fan momento de la \u00faltima d\u00e9cada, han estado implicados en el mismo. Tampoco podemos olvidar y dejar de agradecer a las numerosas instituciones, organismos, empresas y profesionales que, a lo largo de estos a\u00f1os,\u00a0 han apoyado y confiado en <span class=\"wixui-rich-text__text\" style=\"font-style: italic;\"><span class=\"wixui-rich-text__text\" style=\"font-weight: bold;\">Arqueolog\u00eda somos todos.<\/span><\/span><\/span><\/span><\/span><\/p><\/div>\t\t\t\t\t\t\t\t<\/div>\n\t\t\t\t\t<\/div>\n\t\t\t\t<\/div>\n\t\t\t\t<\/div>\n\t\t","protected":false},"excerpt":{"rendered":"<p>Desde el a\u00f1o 2011, el Grupo de Investigaci\u00f3n S\u00edsifo (Universidad de C\u00f3rdoba) desarrolla el proyecto Arqueolog\u00eda somos todos, un proyecto [&hellip;]<\/p>\n","protected":false},"author":1,"featured_media":0,"parent":0,"menu_order":0,"comment_status":"closed","ping_status":"closed","template":"","meta":{"site-sidebar-layout":"no-sidebar","site-content-layout":"","ast-site-content-layout":"full-width-container","site-content-style":"default","site-sidebar-style":"default","ast-global-header-display":"","ast-banner-title-visibility":"","ast-main-header-display":"","ast-hfb-above-header-display":"","ast-hfb-below-header-display":"","ast-hfb-mobile-header-display":"","site-post-title":"","ast-breadcrumbs-content":"","ast-featured-img":"disabled","footer-sml-layout":"","ast-disable-related-posts":"","theme-transparent-header-meta":"","adv-header-id-meta":"","stick-header-meta":"","header-above-stick-meta":"","header-main-stick-meta":"","header-below-stick-meta":"","astra-migrate-meta-layouts":"default","ast-page-background-enabled":"default","ast-page-background-meta":{"desktop":{"background-color":"var(--ast-global-color-5)","background-image":"","background-repeat":"repeat","background-position":"center center","background-size":"auto","background-attachment":"scroll","background-type":"","background-media":"","overlay-type":"","overlay-color":"","overlay-opacity":"","overlay-gradient":""},"tablet":{"background-color":"","background-image":"","background-repeat":"repeat","background-position":"center center","background-size":"auto","background-attachment":"scroll","background-type":"","background-media":"","overlay-type":"","overlay-color":"","overlay-opacity":"","overlay-gradient":""},"mobile":{"background-color":"","background-image":"","background-repeat":"repeat","background-position":"center center","background-size":"auto","background-attachment":"scroll","background-type":"","background-media":"","overlay-type":"","overlay-color":"","overlay-opacity":"","overlay-gradient":""}},"ast-content-background-meta":{"desktop":{"background-color":"var(--ast-global-color-4)","background-image":"","background-repeat":"repeat","background-position":"center center","background-size":"auto","background-attachment":"scroll","background-type":"","background-media":"","overlay-type":"","overlay-color":"","overlay-opacity":"","overlay-gradient":""},"tablet":{"background-color":"var(--ast-global-color-4)","background-image":"","background-repeat":"repeat","background-position":"center center","background-size":"auto","background-attachment":"scroll","background-type":"","background-media":"","overlay-type":"","overlay-color":"","overlay-opacity":"","overlay-gradient":""},"mobile":{"background-color":"var(--ast-global-color-4)","background-image":"","background-repeat":"repeat","background-position":"center center","background-size":"auto","background-attachment":"scroll","background-type":"","background-media":"","overlay-type":"","overlay-color":"","overlay-opacity":"","overlay-gradient":""}},"footnotes":""},"class_list":["post-132","page","type-page","status-publish","hentry"],"_links":{"self":[{"href":"https:\/\/brixoptim.com\/arqueologiasomostodos\/wp-json\/wp\/v2\/pages\/132","targetHints":{"allow":["GET"]}}],"collection":[{"href":"https:\/\/brixoptim.com\/arqueologiasomostodos\/wp-json\/wp\/v2\/pages"}],"about":[{"href":"https:\/\/brixoptim.com\/arqueologiasomostodos\/wp-json\/wp\/v2\/types\/page"}],"author":[{"embeddable":true,"href":"https:\/\/brixoptim.com\/arqueologiasomostodos\/wp-json\/wp\/v2\/users\/1"}],"replies":[{"embeddable":true,"href":"https:\/\/brixoptim.com\/arqueologiasomostodos\/wp-json\/wp\/v2\/comments?post=132"}],"version-history":[{"count":31,"href":"https:\/\/brixoptim.com\/arqueologiasomostodos\/wp-json\/wp\/v2\/pages\/132\/revisions"}],"predecessor-version":[{"id":833,"href":"https:\/\/brixoptim.com\/arqueologiasomostodos\/wp-json\/wp\/v2\/pages\/132\/revisions\/833"}],"wp:attachment":[{"href":"https:\/\/brixoptim.com\/arqueologiasomostodos\/wp-json\/wp\/v2\/media?parent=132"}],"curies":[{"name":"wp","href":"https:\/\/api.w.org\/{rel}","templated":true}]}}